 and 328.
41
Let h be (-5)/10 - (-11)/2. Suppose 0*y - h*y + 15 = 0. Suppose -q - 3*r = -15, 8*q + r = 5*q + 13. Calculate the highest common divisor of q and y.
3
Suppose 0 = -23*x + 26*x + 105. Let z be (0 + x)*42/(-70). Calculate the highest common factor of 14 and z.
7
Suppose 5*g - 4*p - 2270 = 0, -2*g + 0*p = 4*p - 880. What is the highest common divisor of g and 50?
50
Suppose -68*j + 3301 + 2411 = 0. What is the greatest common divisor of j and 372?
12
Suppose 5*c - 13 = g, -4*g = 4*c - 16 - 4. Suppose -g*l - 3*o + 19 = 0, -4*l = -2*o - 0*o - 14. Calculate the greatest common factor of 15 and l.
5
Suppose 2*r - 6*r = -336. Let l = r + -54. Let y be (2/4)/((-13)/(-312)). What is the highest common factor of l and y?
6
Let k(q) = 64*q**3 - 4*q + 3. Let j be 20/15 + 1/(-3). Let x be k(j). Calculate the greatest common divisor of x and 14.
7
Suppose -9*d - d = -200. Suppose -d = 4*p, -3*b - 4 = -7*b - 4*p. What is the greatest common divisor of b and 4?
2
Let a = -188 - -284. Calculate the greatest common divisor of a and 64.
32
Let h be ((-130)/8)/((-10)/(-840)*-7). What is the highest common factor of 15 and h?
15
Suppose -s = -6*s + 140. Suppose -s + 4 = -4*a. Suppose 0 = 12*i - 7*i - 75. What is the greatest common factor of a and i?
3
Let l(y) = y**2 + 8*y + 14. Let h be l(-6). Suppose -3*q + 5*t = -92, h*t - 62 + 166 = 4*q. What is the highest common divisor of 96 and q?
24
Let r = -33 + 56. Let c = r - 2. Suppose 438 = 7*y + 417. What is the greatest common divisor of y and c?
3
Let o = 23 - 4. Suppose -3*m - 608 = -4*g, 74*g + 456 = 77*g + 3*m. Calculate the greatest common factor of g and o.
19
Suppose -27*u - 35*u = -1240. Calculate the greatest common divisor of 2300 and u.
20
Let y(x) = -4*x**2 + 11*x + 2. Let o(i) = -i**2 + i. Let t(l) = -6*o(l) + y(l). Let h be t(-6). What is the greatest common divisor of h and 22?
22
Suppose 3*y + i = 2*i - 386, 515 = -4*y + i. Let h = -53 - y. Calculate the greatest common factor of 19 and h.
19
Suppose -17*o = -46 - 90. What is the greatest common divisor of o and 88?
8
Let h(a) = -7*a - 143. Let y be h(-23). Calculate the greatest common factor of 90 and y.
18
Let q(y) = 4*y**3 - 3*y**2 + 13*y - 32. Let g be q(4). What is the highest common divisor of 304 and g?
76
Let k = -80 + 89. Suppose -f + k = a, 5*f - 76 = 5*a + 9. What is the greatest common divisor of 117 and f?
13
Suppose 36 = -54*f + 58*f. Calculate the highest common factor of f and 18.
9
Suppose 118 + 254 = 31*t. Calculate the greatest common factor of 528 and t.
12
Let f = 1563 - 1099. Let x be f/(-10)*(-20)/8. Calculate the highest common factor of x and 29.
29
Let v = 0 + -1. Let h be ((-3)/6)/(v/14). Let y(w) = -w**2 - 23*w - 111. Let i be y(-7). What is the greatest common divisor of h and i?
1
Let z = -67 - -136. Let n = -72 + 217. Let p = n - z. Calculate the greatest common factor of p and 19.
19
Let u(s) = -s**3 + 6*s**2 - 6*s + 5. Let i be u(5). Suppose i = 6*q - q - 90. Suppose -q = -g + 18. What is the greatest common factor of 9 and g?
9
Suppose -516*q = -519*q + 270. Suppose -2*g - b + 3*b = -6, 4*b + 12 = -3*g. Suppose g = -5*x + 34 + 16. Calculate the highest common factor of q and x.
10
Let q be (-3105)/18*(-60)/9. What is the highest common factor of 184 and q?
46
Let i = -1484 + 1814. Calculate the greatest common divisor of 77 and i.
11
Let b be ((-6)/(-15))/(2/1050). Suppose -2*s = -s + 2, b = 2*n + 5*s. What is the greatest common divisor of n and 10?
10
Suppose -669 + 45 = 6*w. Let q(n) = n**3 - 19*n**2 + 10*n + 18. Let y be q(19). Let a = w + y. Calculate the greatest common divisor of 26 and a.
26
Suppose 9*g - 2445 = -h, -3*h - g = -3375 - 3856. Calculate the highest common divisor of 33 and h.
33
Suppose 0 = -4*i + 276 - 148. Calculate the greatest common factor of i and 64.
32
Suppose -5*x = 2*f + 170, 106 = 2*x - 5*x - 2*f. Let b = 40 + x. What is the greatest common factor of b and 128?
8
Let j(f) be the first derivative of 16*f**3 + f**2 - 11. Let n be j(-1). What is the greatest common divisor of 23 and n?
23
Let y be 640/10 - (-6 + -2). What is the greatest common factor of 36 and y?
36
Let k(y) = -3*y + 125. Let l be k(40). What is the highest common divisor of l and 335?
5
Suppose 0 = -3*o + 257 + 343. Suppose -134 = i - 4*s, -5*s + 4*s = -2. Let w = 151 + i. Calculate the highest common divisor of o and w.
25
Let d be 2 + 0 - (152/2)/(-2). Calculate the greatest common divisor of d and 680.
40
Suppose 0 = -5*k - 2*z - 22, 0*z = -5*k - 4*z - 14. Let l = 12 + k. What is the highest common factor of 2 and l?
2
Let f = -31 - -75. Suppose -4*k = 2*a - 2*k + 72, k = -3*a - 102. Let i = a + 44. Calculate the greatest common factor of f and i.
11
Suppose -3*c + 2*s + 222 = 0, 8*c - 75 = 7*c + s. What is the highest common factor of 56 and c?
8
Let d(h) = h - 13. Let c be d(3). Let k(r) = -r**2 - 11*r - 5. Let z be k(c). What is the highest common factor of 20 and z?
5
Let f be (-396)/2 + (-6 - -9). Let k = 330 + f. What is the greatest common factor of 27 and k?
27
Let j be (352/(-10))/(44/(-110)). Let x = 3 + -1. Let s = 10 - x. What is the greatest common factor of s and j?
8
Let f(v) = 2*v - 13. Let d be f(12). Let o be (-133)/(-4) - 5/20. Suppose 108 = 4*r - 3*m, d = 2*r + m - o. What is the greatest common divisor of 60 and r?
12
Let t = -56 + 59. Let n be t/3 - (2 + -3)*11. What is the highest common factor of 12 and n?
12
Suppose -722 = -2*s - 3*m, 0*m + 1796 = 5*s + 3*m. Let n be s/6 + ((-8)/6)/(-4). What is the highest common divisor of n and 40?
20
Let f = 699 + -578. What is the highest common divisor of 99 and f?
11
Suppose 17 - 19 = 2*k. Let f be (-330)/(-42) + k/(-7). What is the highest common divisor of 8 and f?
8
Let k be (-7 + 180/27)*(0 - 39). What is the highest common divisor of k and 65?
13
Let v be 53210/95 - 2*6/114. What is the greatest common factor of v and 40?
40
Let q = 944 + -904. Calculate the greatest common factor of 56 and q.
8
Let l(w) = w**3 - 17*w**2 + 20*w - 18. Let t be l(16). Calculate the highest common divisor of 23 and t.
23
Suppose -13*o - 546 = -19*o. What is the highest common divisor of o and 7?
7
Let x(f) = -32*f - 1. Let t be x(-1). Suppose -2*p - 3 = 4*c - 25, 5*c = p + t. What is the greatest common divisor of c and 30?
6
Suppose 28*m - 32*m + 1224 = 0. What is the highest common factor of m and 18?
18
Suppose -8*x + 28 + 196 = 0. Calculate the highest common divisor of x and 16.
4
Let u(x) = -x**2 - 32*x - 31. Let r be u(-23). Calculate the highest common divisor of 8 and r.
8
Suppose -35 = -5*r + 20. What is the greatest common factor of 396 and r?
11
Let d = 22 - 16. Suppose -9*q - d = -11*q. Let k be ((-18)/(-1) + -1)*q. Calculate the greatest common factor of 34 and k.
17
Let g be (27/81)/(1/6). Suppose 9 = -4*d + 2*k + 27, -5*d = -k - 15. Let w be d/6 + (-20)/(-12). Calculate the greatest common divisor of g and w.
2
Suppose i + t = 6, 2*i + 3*t = 6*i - 3. Let v(g) = g**2 - g - 4. Let x be v(i). Calculate the highest common divisor of x and 3.
1
Let f(h) be the first derivative of 5*h**3/3 + 4*h + 3. Let g be f(2). Let b be (-2)/((-3)/g*1). Calculate the greatest common divisor of b and 48.
16
Let g be (6 + -1 + -6)/(3/(-24)). What is the highest common factor of 16 and g?
8
Let u = 349 - 200. Let c = 336 - u. What is the greatest common factor of 17 and c?
17
Let q = 3140 - 1221. Calculate the greatest common factor of q and 38.
19
Suppose -2118 = -2*j - 1974. What is the greatest common divisor of j and 1764?
36
Let t = -139 - -201. Let u = t + -35. Suppose 6*y = 1376 - 242. Calculate the greatest common divisor of y and u.
27
Let f(v) = 3*v**3 + 15*v**2 + v + 9. Let d be f(-3). What is the greatest common factor of 45 and d?
15
Let s(w) be the third derivative of w**6/60 + w**5/15 - 7*w**4/24 + w**3 + 5*w**2. Let t be s(3). Calculate the highest common factor of 30 and t.
15
Let w be ((-30)/50)/((-2)/10). Let k be (-130)/(-6) + (-2)/w. Suppose 0*f - k = -3*f. What is the highest common divisor of 56 and f?
7
Let u(p) = -2*p**3 - 7*p**2 - 9*p - 12. Let c be u(-5). Calculate the greatest common divisor of c and 24.
12
Let d(u) = u**3 + 7*u**2 + 5*u. Let m be d(-6). Suppose 433 - 1441 = -42*r. What is the highest common factor of m and 